the greatest common divisor of 604 and 1963.
151
What is the highest common factor of 57 and 741?
57
What is the greatest common factor of 39 and 2626?
13
Calculate the greatest common divisor of 603 and 81.
9
Calculate the highest common factor of 35 and 6055.
35
What is the highest common divisor of 749 and 7?
7
Calculate the greatest common factor of 3264 and 96.
96
Calculate the highest common divisor of 270 and 80.
10
What is the greatest common divisor of 752 and 1034?
94
What is the greatest common factor of 21 and 48?
3
What is the highest common factor of 12 and 32?
4
What is the highest common divisor of 23387 and 52?
13
What is the greatest common factor of 682 and 66?
22
What is the greatest common divisor of 54 and 351?
27
Calculate the greatest common divisor of 2430 and 120.
30
What is the highest common factor of 4068 and 72?
36
What is the highest common divisor of 117 and 1092?
39
What is the highest common factor of 1330 and 76?
38
Calculate the highest common divisor of 217 and 469.
7
What is the highest common divisor of 261 and 18?
9
Calculate the highest common factor of 196 and 2450.
98
Calculate the greatest common divisor of 2914 and 94.
94
Calculate the highest common divisor of 5430 and 195.
15
Calculate the highest common divisor of 153 and 27.
9
What is the highest common divisor of 3380 and 80?
20
What is the highest common divisor of 112 and 16?
16
What is the highest common factor of 24 and 208?
8
Calculate the highest common factor of 2 and 26.
2
Calculate the greatest common factor of 67 and 335.
67
Calculate the highest common factor of 60 and 1716.
12
What is the greatest common factor of 9 and 96?
3
Calculate the greatest common factor of 45 and 18405.
45
Calculate the highest common factor of 374 and 22.
22
Calculate the greatest common divisor of 15870 and 115.
115
Calculate the greatest common factor of 715 and 55.
55
What is the highest common divisor of 29 and 3277?
29
What is the greatest common divisor of 1536 and 264?
24
What is the greatest common divisor of 27 and 6?
3
What is the highest common factor of 42 and 186?
6
Calculate the greatest common factor of 80 and 1400.
40
Calculate the highest common divisor of 21 and 168.
21
What is the greatest common divisor of 159378 and 263?
263
What is the greatest common divisor of 26 and 6?
2
What is the highest common factor of 10 and 830?
10
Calculate the highest common divisor of 464 and 1044.
116
What is the greatest common divisor of 672 and 1708?
28
Calculate the greatest common divisor of 18 and 15822.
18
Calculate the highest common divisor of 888 and 48.
24
What is the highest common divisor of 405 and 15?
15
What is the highest common divisor of 171 and 27873?
171
Calculate the greatest common factor of 224 and 21.
7
What is the greatest common divisor of 47 and 7097?
47
Calculate the greatest common divisor of 144 and 1602.
18
What is the greatest common factor of 104 and 16?
8
Calculate the highest common divisor of 189 and 12.
3
Calculate the highest common divisor of 163 and 5053.
163
What is the highest common divisor of 178 and 50?
2
What is the highest common divisor of 1596 and 1463?
133
Calculate the greatest common factor of 395 and 15879.
79
What is the highest common factor of 19 and 4864?
19
What is the greatest common factor of 344 and 88?
8
Calculate the highest common divisor of 88 and 3064.
8
Calculate the highest common divisor of 1426 and 368.
46
What is the greatest common divisor of 15 and 24405?
15
What is the greatest common divisor of 98 and 14?
14
Calculate the greatest common factor of 29 and 1653.
29
Calculate the highest common factor of 1989 and 819.
117
What is the greatest common divisor of 2 and 55?
1
Calculate the greatest common divisor of 1920 and 1472.
64
What is the highest common factor of 45 and 3609?
9
Calculate the highest common divisor of 65 and 533.
13
What is the highest common factor of 180 and 144?
36
Calculate the highest common divisor of 92 and 2162.
46
Calculate the highest common factor of 232 and 8004.
116
Calculate the greatest common divisor of 105 and 60.
15
What is the greatest common factor of 21 and 105?
21
What is the greatest common factor of 18095 and 1316?
329
Calculate the greatest common factor of 53 and 72822.
53
Calculate the greatest common factor of 72 and 10524.
12
What is the greatest common divisor of 5 and 145?
5
What is the greatest common divisor of 18 and 93?
3
Calculate the highest common divisor of 45 and 2772.
9
What is the greatest common divisor of 8938 and 41?
41
Calculate the highest common factor of 34 and 13634.
34
Calculate the highest common factor of 44 and 121.
11
Calculate the greatest common factor of 186 and 93.
93
What is the highest common factor of 31 and 3317?
31
Calculate the greatest common factor of 119 and 68.
17
Calculate the greatest common factor of 117 and 13.
13
Calculate the highest common factor of 164 and 41.
41
What is the highest common factor of 24 and 1896?
24
Calculate the highest common divisor of 80 and 720.
80
What is the highest common divisor of 7 and 1?
1
Calculate the greatest common factor of 165 and 5335.
55
What is the greatest common factor of 58 and 1711?
29
What is the highest common factor of 3590 and 10?
10
What is the highest common factor of 45 and 27?
9
What is the highest common divisor of 49 and 301?
7
Calculate the highest common factor of 190 and 76.
38
Calculate the highest common divisor of 1520 and 2185.
95
What is the greatest common divisor of 9 and 4167?
9
Calculate the greatest common divisor of 424 and 16.
8
What is the highest common divisor of 3487 and 33?
11
Calculate the highest common factor of 8 and 216.
8
What is the greatest common divisor of 1248 and 780?
156
What is the highest common factor of 6 and 4494?
6
What is the highest common divisor of 2 and 82?
2
Calculate the greatest common factor of 666 and 6.
6
Calculate the highest common factor of 117 and 261.
9
Calculate the highest common factor of 48 and 160.
16
Calculate the highest common factor of 12 and 348.
12
What is the greatest common divisor of 14137 and 67?
67
Calculate the highest common divisor of 40 and 664.
8
Calculate the greatest common divisor of 21 and 672.
21
Calculate the highest common divisor of 318 and 13250.
106
Calculate the greatest common factor of 459 and 1173.
51
Calculate the highest common divisor of 168 and 21.
21
Calculate the greatest common factor of 87 and 87.
87
Calculate the highest common divisor of 224 and 7.
7
What is the greatest common divisor of 17 and 4573?
17
Calculate the greatest common factor of 10539 and 45.
9
What is the greatest common factor of 3087 and 1953?
63
Calculate the highest common factor of 3266 and 46.
46
Calculate the greatest common factor of 1541 and 1675.
67
Calculate the highest common divisor of 3255 and 248.
31
What is the greatest common divisor of 349 and 1?
1
Calculate the greatest common factor of 2940 and 441.
147
Calculate the greatest common factor of 462 and 147.
21
What is the greatest common divisor of 18 and 15489?
9
Calculate the greatest common divisor of 864 and 27.
27
What is the greatest common factor of 67 and 603?
67
Calculate the highest common divisor of 253 and 22.
11
Calculate the greatest common factor of 34 and 9826.
34
Calculate the greatest common divisor of 4 and 284.
4
What is the greatest common divisor of 44 and 1496?
44
What is the greatest common factor of 23 and 22471?
23
What is the greatest common factor of 128 and 448?
64
What is the highest common divisor of 6 and 11334?
6
Calculate the highest common divisor of 180 and 72.
36
What is the greatest common divisor of 52 and 2444?
52
What is the greatest common divisor of 2 and 6638?
2
What is the greatest common divisor of 2052 and 90?
18
What is the highest common factor of 2284 and 4?
4
What is the greatest common factor of 27 and 189?
27
Calculate the highest common divisor of 28 and 412.
4
What is the highest common factor of 42 and 1266?
6
What is the highest common factor of 5933 and 17?
17
What is the highest common factor of 7 and 18207?
7
What is the highest common divisor of 10 and 10130?
10
What is the highest common divisor of 320 and 20?
20
Calculate the highest common